{"id":53,"date":"2022-08-07T15:37:35","date_gmt":"2022-08-07T13:37:35","guid":{"rendered":"https:\/\/keen-cray.185-164-6-85.plesk.page\/?post_type=tribe_events&#038;p=53"},"modified":"2023-01-04T23:40:15","modified_gmt":"2023-01-04T22:40:15","slug":"beispiel-veranstaltung","status":"publish","type":"tribe_events","link":"https:\/\/goetzner-fasnat.at\/index.php\/event\/beispiel-veranstaltung\/","title":{"rendered":"Kinderfasching am 28. J\u00e4nner 2023"},"content":{"rendered":"<h6>Karten sind \u00fcber L\u00e4ndle Ticket und bei allen Sparkassen und Raiffeisenbanken erh\u00e4ltlich.<img loading=\"lazy\" decoding=\"async\" class=\"aligncenter wp-image-138 size-full\" src=\"https:\/\/goetzner-fasnat.at\/wp-content\/uploads\/2022\/08\/FB__1200x630_02-scaled.jpg\" alt=\"\" width=\"2560\" height=\"1344\" srcset=\"https:\/\/goetzner-fasnat.at\/wp-content\/uploads\/2022\/08\/FB__1200x630_02-scaled.jpg 2560w, https:\/\/goetzner-fasnat.at\/wp-content\/uploads\/2022\/08\/FB__1200x630_02-300x158.jpg 300w, https:\/\/goetzner-fasnat.at\/wp-content\/uploads\/2022\/08\/FB__1200x630_02-1024x538.jpg 1024w, https:\/\/goetzner-fasnat.at\/wp-content\/uploads\/2022\/08\/FB__1200x630_02-768x403.jpg 768w, https:\/\/goetzner-fasnat.at\/wp-content\/uploads\/2022\/08\/FB__1200x630_02-1536x806.jpg 1536w, https:\/\/goetzner-fasnat.at\/wp-content\/uploads\/2022\/08\/FB__1200x630_02-2048x1075.jpg 2048w\" sizes=\"auto, (max-width: 2560px) 100vw, 2560px\" \/><\/h6>\n","protected":false},"excerpt":{"rendered":"<p>Karten sind \u00fcber L\u00e4ndle Ticket und bei allen Sparkassen und Raiffeisenbanken erh\u00e4ltlich.<\/p>\n","protected":false},"author":2,"featured_media":0,"template":"","meta":{"ngg_post_thumbnail":0,"_price":"","_stock":"","_tribe_ticket_header":"","_tribe_default_ticket_provider":"","_ticket_start_date":"","_ticket_end_date":"","_tribe_ticket_show_description":"","_tribe_ticket_show_not_going":false,"_tribe_ticket_use_global_stock":"","_tribe_ticket_global_stock_level":"","_global_stock_mode":"","_global_stock_cap":"","_tribe_rsvp_for_event":"","_tribe_ticket_going_count":"","_tribe_ticket_not_going_count":"","_tribe_tickets_list":"[]","_tribe_ticket_has_attendee_info_fields":false,"_themeisle_gutenberg_block_has_review":false,"_tribe_events_status":"","_tribe_events_status_reason":"","footnotes":"","_tec_slr_enabled":"","_tec_slr_layout":""},"tags":[],"tribe_events_cat":[],"class_list":["post-53","tribe_events","type-tribe_events","status-publish","hentry"],"ticketed":false,"_links":{"self":[{"href":"https:\/\/goetzner-fasnat.at\/index.php\/wp-json\/wp\/v2\/tribe_events\/53","targetHints":{"allow":["GET"]}}],"collection":[{"href":"https:\/\/goetzner-fasnat.at\/index.php\/wp-json\/wp\/v2\/tribe_events"}],"about":[{"href":"https:\/\/goetzner-fasnat.at\/index.php\/wp-json\/wp\/v2\/types\/tribe_events"}],"author":[{"embeddable":true,"href":"https:\/\/goetzner-fasnat.at\/index.php\/wp-json\/wp\/v2\/users\/2"}],"version-history":[{"count":5,"href":"https:\/\/goetzner-fasnat.at\/index.php\/wp-json\/wp\/v2\/tribe_events\/53\/revisions"}],"predecessor-version":[{"id":149,"href":"https:\/\/goetzner-fasnat.at\/index.php\/wp-json\/wp\/v2\/tribe_events\/53\/revisions\/149"}],"wp:attachment":[{"href":"https:\/\/goetzner-fasnat.at\/index.php\/wp-json\/wp\/v2\/media?parent=53"}],"wp:term":[{"taxonomy":"post_tag","embeddable":true,"href":"https:\/\/goetzner-fasnat.at\/index.php\/wp-json\/wp\/v2\/tags?post=53"},{"taxonomy":"tribe_events_cat","embeddable":true,"href":"https:\/\/goetzner-fasnat.at\/index.php\/wp-json\/wp\/v2\/tribe_events_cat?post=53"}],"curies":[{"name":"wp","href":"https:\/\/api.w.org\/{rel}","templated":true}]}}

Kinderfasching am 28. Jänner 2023

<h6>Karten sind über Ländle Ticket und bei allen Sparkassen und Raiffeisenbanken erhältlich.<img loading="lazy" decoding="async" class="aligncenter wp-image-138 size-full" src="https://goetzner-fasnat.at/wp-content/uploads/2022/08/FB__1200x630_02-scaled.jpg" alt="" width="2560" height="1344" srcset="https://goetzner-fasnat.at/wp-content/uploads/2022/08/FB__1200x630_02-scaled.jpg 2560w, https://goetzner-fasnat.at/wp-content/uploads/2022/08/FB__1200x630_02-300x158.jpg 300w, https://goetzner-fasnat.at/wp-content/uploads/2022/08/FB__1200x630_02-1024x538.jpg 1024w, https://goetzner-fasnat.at/wp-content/uploads/2022/08/FB__1200x630_02-768x403.jpg 768w, https://goetzner-fasnat.at/wp-content/uploads/2022/08/FB__1200x630_02-1536x806.jpg 1536w, https://goetzner-fasnat.at/wp-content/uploads/2022/08/FB__1200x630_02-2048x1075.jpg 2048w" sizes="auto, (max-width: 2560px) 100vw, 2560px" /></h6>

<p>Karten sind über Ländle Ticket und bei allen Sparkassen und Raiffeisenbanken erhältlich.</p>
