{"id":82,"date":"2022-08-07T16:10:19","date_gmt":"2022-08-07T14:10:19","guid":{"rendered":"https:\/\/keen-cray.185-164-6-85.plesk.page\/?page_id=82"},"modified":"2023-04-02T17:32:49","modified_gmt":"2023-04-02T15:32:49","slug":"kontakt","status":"publish","type":"page","link":"https:\/\/goetzner-fasnat.at\/index.php\/kontakt\/","title":{"rendered":"Kontakt"},"content":{"rendered":"\n<div class=\"wp-block-columns is-layout-flex wp-container-core-columns-is-layout-9d6595d7 wp-block-columns-is-layout-flex\">\n<div class=\"wp-block-column is-layout-flow wp-block-column-is-layout-flow\">\n<p><strong>Treten Sie mit uns in Kontakt<\/strong><\/p>\n\n\n\n<p>G\u00f6tzner Fasnat<br>Ringstra\u00dfe 43<br>6840 G\u00f6tzis<\/p>\n\n\n\n<p>goetzner-fasnat@hotmail.com<\/p>\n\n\n\n<p>ZVR-Zahl 413492562<\/p>\n\n\n\n<p><br><\/p>\n<\/div>\n\n\n\n<div class=\"wp-block-column is-layout-flow wp-block-column-is-layout-flow\">\n<figure class=\"wp-block-image size-large\"><img loading=\"lazy\" decoding=\"async\" width=\"1024\" height=\"1024\" src=\"https:\/\/goetzner-fasnat.at\/wp-content\/uploads\/2022\/08\/goetzner_fasnat_logo-1024x1024.jpg\" alt=\"\" class=\"wp-image-84\" srcset=\"https:\/\/goetzner-fasnat.at\/wp-content\/uploads\/2022\/08\/goetzner_fasnat_logo-1024x1024.jpg 1024w, https:\/\/goetzner-fasnat.at\/wp-content\/uploads\/2022\/08\/goetzner_fasnat_logo-300x300.jpg 300w, https:\/\/goetzner-fasnat.at\/wp-content\/uploads\/2022\/08\/goetzner_fasnat_logo-150x150.jpg 150w, https:\/\/goetzner-fasnat.at\/wp-content\/uploads\/2022\/08\/goetzner_fasnat_logo-768x768.jpg 768w, https:\/\/goetzner-fasnat.at\/wp-content\/uploads\/2022\/08\/goetzner_fasnat_logo.jpg 1519w\" sizes=\"auto, (max-width: 1024px) 100vw, 1024px\" \/><\/figure>\n<\/div>\n<\/div>\n","protected":false},"excerpt":{"rendered":"<p>Treten Sie mit uns in Kontakt G\u00f6tzner FasnatRingstra\u00dfe 436840 G\u00f6tzis goetzner-fasnat@hotmail.com ZVR-Zahl 413492562<\/p>\n","protected":false},"author":1,"featured_media":0,"parent":0,"menu_order":0,"comment_status":"closed","ping_status":"closed","template":"","meta":{"ngg_post_thumbnail":0,"_price":"","_stock":"","_tribe_ticket_header":"","_tribe_default_ticket_provider":"","_ticket_start_date":"","_ticket_end_date":"","_tribe_ticket_show_description":"","_tribe_ticket_show_not_going":false,"_tribe_ticket_use_global_stock":"","_tribe_ticket_global_stock_level":"","_global_stock_mode":"","_global_stock_cap":"","_tribe_rsvp_for_event":"","_tribe_ticket_going_count":"","_tribe_ticket_not_going_count":"","_tribe_tickets_list":"[]","_tribe_ticket_has_attendee_info_fields":false,"_themeisle_gutenberg_block_has_review":false,"footnotes":"","_tec_slr_enabled":"","_tec_slr_layout":""},"class_list":["post-82","page","type-page","status-publish","hentry"],"ticketed":false,"_links":{"self":[{"href":"https:\/\/goetzner-fasnat.at\/index.php\/wp-json\/wp\/v2\/pages\/82","targetHints":{"allow":["GET"]}}],"collection":[{"href":"https:\/\/goetzner-fasnat.at\/index.php\/wp-json\/wp\/v2\/pages"}],"about":[{"href":"https:\/\/goetzner-fasnat.at\/index.php\/wp-json\/wp\/v2\/types\/page"}],"author":[{"embeddable":true,"href":"https:\/\/goetzner-fasnat.at\/index.php\/wp-json\/wp\/v2\/users\/1"}],"replies":[{"embeddable":true,"href":"https:\/\/goetzner-fasnat.at\/index.php\/wp-json\/wp\/v2\/comments?post=82"}],"version-history":[{"count":5,"href":"https:\/\/goetzner-fasnat.at\/index.php\/wp-json\/wp\/v2\/pages\/82\/revisions"}],"predecessor-version":[{"id":332,"href":"https:\/\/goetzner-fasnat.at\/index.php\/wp-json\/wp\/v2\/pages\/82\/revisions\/332"}],"wp:attachment":[{"href":"https:\/\/goetzner-fasnat.at\/index.php\/wp-json\/wp\/v2\/media?parent=82"}],"curies":[{"name":"wp","href":"https:\/\/api.w.org\/{rel}","templated":true}]}}