{"id":180,"date":"2023-01-06T17:55:31","date_gmt":"2023-01-06T16:55:31","guid":{"rendered":"https:\/\/goetzner-fasnat.at\/?page_id=180"},"modified":"2023-04-02T16:18:40","modified_gmt":"2023-04-02T14:18:40","slug":"startseite","status":"publish","type":"page","link":"https:\/\/goetzner-fasnat.at\/index.php\/startseite\/","title":{"rendered":"Startseite"},"content":{"rendered":"<ul class=\"wp-block-latest-posts__list is-grid columns-3 has-dates wp-block-latest-posts\"><li><div class=\"wp-block-latest-posts__featured-image\"><img loading=\"lazy\" decoding=\"async\" width=\"150\" height=\"150\" src=\"https:\/\/goetzner-fasnat.at\/wp-content\/uploads\/2026\/02\/IMG_4247-1-150x150.png\" class=\"attachment-thumbnail size-thumbnail wp-post-image\" alt=\"\" style=\"\" \/><\/div><a class=\"wp-block-latest-posts__post-title\" href=\"https:\/\/goetzner-fasnat.at\/index.php\/2026\/02\/16\/grosser-bunter-faschingsumzug\/\">Gro\u00dfer bunter Faschingsumzug<\/a><time datetime=\"2026-02-16T17:18:39+01:00\" class=\"wp-block-latest-posts__post-date\">16. Februar 2026<\/time><div class=\"wp-block-latest-posts__post-excerpt\">Beste Stimmung herrschte am Faschingssamstag beim gro\u00dfen G\u00f6tzner Faschingsumzug. Trotz regnerischen Wetters s\u00e4umten zahlreiche Zuschauerinnen und Zuschauer die Stra\u00dfen, um das n\u00e4rrische Treiben mitzuerleben. Rund&hellip;<\/div><\/li>\n<li><div class=\"wp-block-latest-posts__featured-image\"><img loading=\"lazy\" decoding=\"async\" width=\"150\" height=\"150\" src=\"https:\/\/goetzner-fasnat.at\/wp-content\/uploads\/2026\/02\/WhatsApp-Image-2026-02-05-at-11.48.54-5-1-150x150.jpeg\" class=\"attachment-thumbnail size-thumbnail wp-post-image\" alt=\"\" style=\"\" \/><\/div><a class=\"wp-block-latest-posts__post-title\" href=\"https:\/\/goetzner-fasnat.at\/index.php\/2026\/02\/11\/suesse-faschingsgruesse-fuer-goetzis\/\">S\u00fcsse Faschingsgr\u00fcsse f\u00fcr G\u00f6tzis<\/a><time datetime=\"2026-02-11T21:49:02+01:00\" class=\"wp-block-latest-posts__post-date\">11. Februar 2026<\/time><div class=\"wp-block-latest-posts__post-excerpt\">Am Donnerstag, 5. Februar 2026 waren die Mitglieder der G\u00f6tzner Fasnat wieder in der Marktgemeinde unterwegs, um Krapfen zu verteilen und damit ordetnlich Faschingsstimmung zu&hellip;<\/div><\/li>\n<li><div class=\"wp-block-latest-posts__featured-image\"><img loading=\"lazy\" decoding=\"async\" width=\"150\" height=\"150\" src=\"https:\/\/goetzner-fasnat.at\/wp-content\/uploads\/2025\/04\/IMG_6908_1-150x150.jpg\" class=\"attachment-thumbnail size-thumbnail wp-post-image\" alt=\"\" style=\"\" \/><\/div><a class=\"wp-block-latest-posts__post-title\" href=\"https:\/\/goetzner-fasnat.at\/index.php\/2026\/01\/08\/grosser-faschingsumzug-am-14-februar\/\">Grosser Faschingsumzug am 14. Februar<\/a><time datetime=\"2026-01-08T13:58:32+01:00\" class=\"wp-block-latest-posts__post-date\">8. Januar 2026<\/time><div class=\"wp-block-latest-posts__post-excerpt\">Am Faschingssamstag, 14. Februar 2026, steht G\u00f6tzis ganz im Zeichen des n\u00e4rrischen Treibens. Um 14 Uhr laden die G\u00f6tzner Fasnat und die Freiwillige Feuerwehr G\u00f6tzis&hellip;<\/div><\/li>\n<li><div class=\"wp-block-latest-posts__featured-image\"><img loading=\"lazy\" decoding=\"async\" width=\"150\" height=\"150\" src=\"https:\/\/goetzner-fasnat.at\/wp-content\/uploads\/2025\/12\/20251210_094211-150x150.jpg\" class=\"attachment-thumbnail size-thumbnail wp-post-image\" alt=\"\" style=\"\" \/><\/div><a class=\"wp-block-latest-posts__post-title\" href=\"https:\/\/goetzner-fasnat.at\/index.php\/2025\/12\/21\/bollerwagen-fuer-die-goetzner-kindergaerten\/\">Bollerwagen f\u00fcr die G\u00f6tzner Kinderg\u00e4rten<\/a><time datetime=\"2025-12-21T20:20:16+01:00\" class=\"wp-block-latest-posts__post-date\">21. Dezember 2025<\/time><div class=\"wp-block-latest-posts__post-excerpt\">Die G\u00f6tzner Fasnat hat den Kinderg\u00e4rten und Kinderbetreuungen in G\u00f6tzis eine besondere Freude bereitet: Ein toller, robuster Bollerwagen wurde als gemeinsames Geschenk \u00fcbergeben. Obfrau Sabine&hellip;<\/div><\/li>\n<li><div class=\"wp-block-latest-posts__featured-image\"><img loading=\"lazy\" decoding=\"async\" width=\"150\" height=\"150\" src=\"https:\/\/goetzner-fasnat.at\/wp-content\/uploads\/2024\/02\/000_small_IMG_6646-150x150.jpg\" class=\"attachment-thumbnail size-thumbnail wp-post-image\" alt=\"\" style=\"\" \/><\/div><a class=\"wp-block-latest-posts__post-title\" href=\"https:\/\/goetzner-fasnat.at\/index.php\/2025\/11\/19\/faschingsumzug-2026\/\">Faschingsumzug 2026<\/a><time datetime=\"2025-11-19T18:00:00+01:00\" class=\"wp-block-latest-posts__post-date\">19. November 2025<\/time><div class=\"wp-block-latest-posts__post-excerpt\">Wir freuen uns, euch zu unserem sehr beliebten traditionellen G\u00f6tzner Umzug einladen zu d\u00fcrfen! Faschingssamstag, den 14. Februar 2026, um 14.00 Uhr. Wer die Atmosph\u00e4re&hellip;<\/div><\/li>\n<\/ul>","protected":false},"excerpt":{"rendered":"","protected":false},"author":3,"featured_media":0,"parent":0,"menu_order":0,"comment_status":"closed","ping_status":"closed","template":"","meta":{"ngg_post_thumbnail":0,"_price":"","_stock":"","_tribe_ticket_header":"","_tribe_default_ticket_provider":"","_ticket_start_date":"","_ticket_end_date":"","_tribe_ticket_show_description":"","_tribe_ticket_show_not_going":false,"_tribe_ticket_use_global_stock":"","_tribe_ticket_global_stock_level":"","_global_stock_mode":"","_global_stock_cap":"","_tribe_rsvp_for_event":"","_tribe_ticket_going_count":"","_tribe_ticket_not_going_count":"","_tribe_tickets_list":"[]","_tribe_ticket_has_attendee_info_fields":false,"_themeisle_gutenberg_block_has_review":false,"footnotes":"","_tec_slr_enabled":"","_tec_slr_layout":""},"class_list":["post-180","page","type-page","status-publish","hentry"],"ticketed":false,"_links":{"self":[{"href":"https:\/\/goetzner-fasnat.at\/index.php\/wp-json\/wp\/v2\/pages\/180","targetHints":{"allow":["GET"]}}],"collection":[{"href":"https:\/\/goetzner-fasnat.at\/index.php\/wp-json\/wp\/v2\/pages"}],"about":[{"href":"https:\/\/goetzner-fasnat.at\/index.php\/wp-json\/wp\/v2\/types\/page"}],"author":[{"embeddable":true,"href":"https:\/\/goetzner-fasnat.at\/index.php\/wp-json\/wp\/v2\/users\/3"}],"replies":[{"embeddable":true,"href":"https:\/\/goetzner-fasnat.at\/index.php\/wp-json\/wp\/v2\/comments?post=180"}],"version-history":[{"count":7,"href":"https:\/\/goetzner-fasnat.at\/index.php\/wp-json\/wp\/v2\/pages\/180\/revisions"}],"predecessor-version":[{"id":286,"href":"https:\/\/goetzner-fasnat.at\/index.php\/wp-json\/wp\/v2\/pages\/180\/revisions\/286"}],"wp:attachment":[{"href":"https:\/\/goetzner-fasnat.at\/index.php\/wp-json\/wp\/v2\/media?parent=180"}],"curies":[{"name":"wp","href":"https:\/\/api.w.org\/{rel}","templated":true}]}}